- 6. Calculate k(-7).
-20
Let m(o) = -3*o - 11. Give m(-7).
10
Let t(y) = 10*y + 58. Give t(-6).
-2
Let c(o) = -o**2 - 30*o + 116. Give c(-35).
-59
Let t(f) = f**3 + 4*f**2 - 17*f - 8. Calculate t(-7).
-36
Let p(z) = -z**2 - 8*z + 7. Determine p(-9).
-2
Let g(s) = s + 27. What is g(-23)?
4
Let b(d) = -d**3 + 2*d**2 - d + 3. What is b(2)?
1
Let a(h) = h**2 + 40*h - 30. Calculate a(-40).
-30
Let w(y) = -y - 13. Determine w(-10).
-3
Let d(u) = -4*u + 241. Determine d(54).
25
Let g(s) = 2*s**2 - 5*s + 17. Determine g(6).
59
Let k(s) = -6*s + 16. What is k(2)?
4
Let h(n) = 50*n + 41. Give h(-2).
-59
Let k(j) = j**3 + 26*j**2 + 23*j - 34. Determine k(-25).
16
Let x(y) = y**3 - 9*y**2 + 16*y - 8. Determine x(7).
6
Let f(m) = m**2 + 8*m + 4. Determine f(-8).
4
Let m(s) = -s**2 + s - 20. Calculate m(0).
-20
Let q(g) = 30*g**2 + g. Give q(-1).
29
Let j(b) = 2*b**2 - 19*b - 13. Calculate j(10).
-3
Let x(b) = 2*b**3 + 89*b**2 + 43*b - 55. Determine x(-44).
-11
Let y(t) = 2*t**2 - t + 10. Calculate y(-5).
65
Let r(o) = o**2 - 9*o - 14. Calculate r(10).
-4
Let c(i) = i**3 + 28*i**2 - 24*i + 124. Give c(-29).
-21
Let v(l) = l**3 - 5*l**2 - 7*l + 3. Calculate v(5).
-32
Let k(q) = -13*q - 72. Determine k(-5).
-7
Let b(q) = -2*q - 6. Give b(-11).
16
Let l(d) = d**2 - 5. Give l(-3).
4
Let x(d) = -d**3 + 3*d**2 - 3*d + 4. Determine x(2).
2
Let o(c) = -c**3 + 5*c**2 + 4. Give o(5).
4
Let t(g) = -g**3 + 11*g**2 + 5*g - 13. Determine t(11).
42
Let w(y) = -y**2 + 2*y + 2. What is w(-2)?
-6
Let l(j) = -j**3 + 2*j**2 + 4*j - 10. Determine l(4).
-26
Let l(m) = -m**3 - 18*m**2 - 43*m + 34. Calculate l(-15).
4
Let d(w) = w**3 + 6*w**2 - 4. Give d(-5).
21
Let g(j) = j**3 + 23*j**2 + 22*j + 14. Determine g(-22).
14
Let x(s) = s**3 - 4*s**2 - 7*s - 1. Determine x(5).
-11
Let i(o) = -8*o**2 + 12*o + 4. What is i(4)?
-76
Let x(u) = -u**3 - 52*u**2 - 102*u - 107. What is x(-50)?
-7
Let v(m) = m + 27. Calculate v(8).
35
Let j(g) = -g**2 - 7*g - 6. Give j(-6).
0
Let y(n) = n**3 + 7*n**2 - 10*n - 5. Determine y(-8).
11
Let i(q) = -2*q + 65. What is i(39)?
-13
Let g(v) = -31*v + 6. Give g(4).
-118
Let o(a) = 6*a - 35. What is o(7)?
7
Let x(i) = i**2 + 12*i + 11. Give x(-5).
-24
Let g(x) = x**3 + 9*x**2 - 8*x + 11. What is g(-10)?
-9
Let j(l) = 40*l - 8. Calculate j(-1).
-48
Let b(r) = -r**2 + 4. Give b(-3).
-5
Let o(v) = -2*v**3 - 5*v**2 + 6*v + 2. Determine o(2).
-22
Let b(q) = -6*q + 8. Give b(6).
-28
Let y(z) = z**2 - 7*z - 37. Give y(11).
7
Let t(p) = -p**3 + 4*p**2 + 5*p - 18. What is t(3)?
6
Let d(u) = 3*u - 21. Calculate d(-7).
-42
Let a(v) = -3*v - 90. Determine a(-30).
0
Let a(k) = -k**3 + 8*k**2 + 7*k + 12. Determine a(9).
-6
Let z(y) = -15*y**3 - 2*y**2 + 1. Calculate z(1).
-16
Let m(g) = g**3 + 61*g**2 - 78*g - 996. What is m(-62)?
-4
Let c(k) = -k**2 + 30*k - 111. Calculate c(25).
14
Let t(a) = a + 16. Calculate t(-5).
11
Let j(k) = k**2 + 16*k + 56. Determine j(-9).
-7
Let c(i) = -i + 19. Determine c(24).
-5
Let l(t) = -t**2 + 26*t - 87. Give l(23).
-18
Let s(i) = -i**2 + 8*i - 3. What is s(2)?
9
Let r(v) = v**2 - 7*v + 1. Calculate r(7).
1
Let q(v) = 18*v - 4. Give q(3).
50
Let m(h) = h**2 - 1. What is m(1)?
0
Let c(m) = -3*m**2 + 4*m - 2. Give c(4).
-34
Let n(v) = 2*v**2 + 5*v + 10. Calculate n(-2).
8
Let o(w) = -w**2 + 5*w + 53. What is o(10)?
3
Let u(n) = -n**2 + 8*n + 10. Calculate u(8).
10
Let t(z) = 3*z - 115. What is t(38)?
-1
Let g(o) = -o**2 + 30*o + 34. What is g(33)?
-65
Let k(d) = -d - 18. What is k(-9)?
-9
Let f(u) = -5*u**2 + 12*u + 3. Give f(3).
-6
Let u(t) = t**2 - 37*t + 70. What is u(35)?
0
Let x(h) = 23*h**3 - 3*h**2 - 5*h - 2. Determine x(-1).
-23
Let x(i) = -i + 12. Give x(5).
7
Let s(p) = p**2 - 13*p - 66. Calculate s(-4).
2
Let i(n) = n**3 - 6*n**2 - 3*n + 13. Give i(6).
-5
Let m(t) = t**2 + 5*t + 6. Give m(-5).
6
Let w(u) = u + 36. Give w(-12).
24
Let a(k) = -k**3 + 4*k**2 - k + 1. Calculate a(3).
7
Let v(x) = -10*x - 113. What is v(-8)?
-33
Let b(h) = -h**2 + 11*h + 4. What is b(6)?
34
Let m(a) = -2*a**2 + 44*a + 15. Give m(22).
15
Let w(d) = -6*d. Determine w(1).
-6
Let z(w) = w**3 + 4*w**2 - 1. Give z(-3).
8
Let p(f) = f**2 + 12*f + 17. Give p(-9).
-10
Let r(g) = g**3 + 7*g**2 + 7*g + 9. Calculate r(-6).
3
Let u(t) = -t**2 + 7*t - 3. Give u(5).
7
Let t(d) = 4*d - 23. Give t(6).
1
Let v(i) = i**2 - 37*i + 157. Determine v(5).
-3
Let a(d) = 16*d**3 + 2*d**2 - 2. Give a(-1).
-16
Let f(v) = -v**3 + 17*v**2 - 29*v - 34. Determine f(15).
-19
Let i(u) = -u**3 + 7*u**2 + 3*u - 8. Give i(7).
13
Let u(h) = -h**2 + 5*h + 4. Determine u(4).
8
Let n(x) = x**3 - 2*x**2 - 15*x + 2. Give n(5).
2
Let z(m) = m**2 - 15*m + 37. Calculate z(11).
-7
Let h(p) = -p**3 + 18*p**2 - 17*p + 23. Calculate h(17).
23
Let c(n) = n**2 + 15*n + 16. Determine c(-14).
2
Let w(k) = 2*k. Determine w(11).
22
Let s(o) = o - 13. Determine s(17).
4
Let b(f) = 30*f + 58. Give b(-4).
-62
Let q(y) = -y**2 + 8*y + 4. What is q(9)?
-5
Let x(u) = -u**2 - 9*u - 15. What is x(-6)?
3
Let k(t) = t**3 - 6*t**2 - 6*t - 9. Give k(7).
-2
Let q(y) = -24*y + 479. Give q(20).
-1
Let v(y) = -2*y + 1. Determine v(0).
1
Let u(d) = 4*d + 8. Give u(4).
24
Let r(i) = i**3 + 11*i**2 + i + 12. Give r(-11).
1
Let q(j) = -j**2 + 2*j - 7. Give q(0).
-7
Let m(j) = j**2 + 8*j - 6. What is m(-5)?
-21
Let z(v) = 3*v**2 - 3. What is z(2)?
9
Let c(q) = -5*q + 39. Give c(-5).
64
Let s(f) = 4*f - 9. Determine s(5).
11
Let y(b) = -68*b**2 - b. Determine y(-1).
-67
Let q(a) = a**2 + 11*a. Give q(-12).
12
Let l(k) = 18*k - 11. Give l(3).
43
Let n(m) = -7*m - 23. Calculate n(5).
-58
Let f(u) = 4*u**3 - 5*u**2 - 25*u - 21. Determine f(-1).
-5
Let h(j) = 5*j - 11. Calculate h(3).
4
Let y(r) = -r**3 + 18*r**2 - 17*r - 23. Calculate y(17).
-23
Let k(w) = -2*w + 7. Determine k(0).
7
Let y(z) = z**3 + 24*z**2 - 21*z + 97. Calculate y(-25).
-3
Let d(w) = 4*w**3 + 2*w**2 - 9*w - 14. Determine d(-3).
-77
Let l(n) = -2*n + 9. Calculate l(4).
1
Let s(a) = -21*a - 14. Give s(-3).
49
Let a(b) = 43*b**3 + 2*b**2 - 2*b - 3. Give a(-1).
-42
Let j(r) = -r**2 - 24*r - 73. What is j(-4)?
7
Let t(o) = -6*o + 31. Give t(0).
31
Let w(j) = -7*j - 83. Calculate w(-23).
78
Let b(q) = -2*q**3 + 2*q**2 + 3*q - 4. Calculate b(2).
-6
Let r(o) = -o**3 - 4*o**2 + 8*o + 16. What is r(-2)?
-8
Let l(u) = 40*u + 2446. Determine l(-61).
6
Let o(p) = -p**3 + 11*p**2 + 44*p - 32. Calculate o(14).
-4
Let l(n) = -n**3 - 17*n**2 - 31*n + 155. Calculate l(-14).
1
Let h(z) = 2*z**3 - 73*z**2 + 100*z + 183. What is h(35)?
8
Let v(r) = r + 7. What is v(6)?
13
Let r(p) = p**3 + p**2 + 1. Determine r(-4).
-47
Let j(b) = -6*b - 13. Give j(-4).
11
Let k(h) = 3*h**2 + 2*h - 2. Give k(-2).
6
Let m(r) = 11*r - 3. Calculate m(2).
19
Let p(u) = -u**3 - 28*u**2 - 27*u + 16. Determine p(-27).
16
Let s(i) = -i**2 - 16*i - 8. What is s(-15)?
7
Let i(o) = 8*o - 2. Give i(-1).
-10
Let r(a) = -a**2 - 3*a + 52. What is r(6)?
-2
Let q(u) = 17*u + 361. What is q(-22)?
-13
Let i(f) = -f**2 + 3*f + 209. What is i(-13)?
1
Let x(v) = -v**2 + 11*v + 11. Give x(10).
21
Let l(r) = -r**2 - 4*r - 1. Give l(2).
-13
Let k(d) = -d**2 - 8*d + 3. Calculate k(-11).
-30
Let f(w) = 43*w**2 - 258*w - 6. Calculate f(6).
-6
Let c(h) = -2*h + 2. Give c(-2).
6
Let v(z) = z**2 - z - 9. Determine v(4).
3
Let w(j) = -2*j**2 + 43*j + 62. Calculate w(23).
-7
Let o(p) = p**3 - 4*p**2 - 8*p + 8. Calculate o(5).
-7
Let v(u) = -2*u**2 + 19*u - 10. Calculate v(9).
-1
Let h(m) = 3*m**3 + 7*m - 7. Calculate h(3).
95
Let t(w) = -w**2 - 6*w - 12. What is t(-5)?
-7
Let w(f) = f + 2. Determine w(6).
8
Let p(f) = 17*f + 1. Determine p(2).
35
Let v(z) = -6*z - 103. Determine v(-14).
-19
Let o(p) = -3*p**2 - 24*p + 6. Determine o(-9).
-21
Let d(w) = -w**3 + 9*w**2 - 10*w - 7. Determine d(8).
-23
Let g(a) = 14*a - 148. Give g(10).
-8
Let h(l) = -2*l + 10. Calculate h(9).
-8
Let s(w) = -w**2 + 9*w - 16. Calculate s(7).
-2
Let g(q) = 2*q**2 + 11*q - 139. Give g(6).
-1
Let h(j) = 3*j**2 + 75*j + 5. What is h(-25)?
5
Let p(c) = 8*c**3 + 3*c**2 - c - 1. Give p(1).
9
Let n(i) = -5*i + 31. Calculate n(6).
1
Let z(s) = -2*s**2 - 4*s + 10. What is z(-3)?
4
Let q(r) = 4*r**3 - r**2. Determine q(1).
3
Let t(p) = -p**3 - 5*p**2 - 6*p - 11. Give t(-4).
-3
Let b(g) = g**3 + 2*g**2 - 3*g + 3. Calculate b(-3).
3
Let a(l) = l**3 + 9*l**